{"id":1828,"date":"2020-09-19T02:47:25","date_gmt":"2020-09-19T02:47:25","guid":{"rendered":"http:\/\/demos.wplms.io\/learningcenter\/all-courses\/"},"modified":"2020-11-03T14:45:01","modified_gmt":"2020-11-03T14:45:01","slug":"all-courses-2","status":"publish","type":"page","link":"https:\/\/nuclio.school\/shorts\/all-courses-2\/","title":{"rendered":"All Courses"},"content":{"rendered":"\t\t<div data-elementor-type=\"wp-page\" data-elementor-id=\"1828\" class=\"elementor elementor-1828\">\n\t\t\t\t\t\t<div class=\"elementor-inner\">\n\t\t\t\t<div class=\"elementor-section-wrap\">\n\t\t\t\t\t\t\t\t\t<section class=\"elementor-section elementor-top-section elementor-element elementor-element-ce77f46 elementor-section-boxed elementor-section-height-default elementor-section-height-default\" data-id=\"ce77f46\" data-element_type=\"section\">\n\t\t\t\t\t\t<div class=\"elementor-container elementor-column-gap-default\">\n\t\t\t\t\t\t\t<div class=\"elementor-row\">\n\t\t\t\t\t<div class=\"elementor-column elementor-col-100 elementor-top-column elementor-element elementor-element-2722c74\" data-id=\"2722c74\" data-element_type=\"column\">\n\t\t\t<div class=\"elementor-column-wrap elementor-element-populated\">\n\t\t\t\t\t\t\t<div class=\"elementor-widget-wrap\">\n\t\t\t\t\t\t<div class=\"elementor-element elementor-element-5cf59f6 elementor-widget elementor-widget-course_directory\" data-id=\"5cf59f6\" data-element_type=\"widget\" data-widget_type=\"course_directory.default\">\n\t\t\t\t<div class=\"elementor-widget-container\">\n\t\t\t\t\t<div id=\"wplms_courses_directory\" >\n\t\t\t<div class=\"lds-ellipsis\"><div><\/div><div><\/div><div><\/div><div><\/div><\/div>\n\t\t\t<div class=\"wplms_courses_directory_wrapper opacity_0\">\n\t\t\t\n\t\t\t<div class=\"wplms_courses_directory_main\">\n\t\t\t\t<div class=\"wplms_courses_directory_header\">\n\t\t\t\t\t\t\t\t\t\t<div class=\"wplms_course_search\">\n\t\t\t\t\t\t\t<input type=\"text\" placeholder=\"Escribe para buscar\" \/>\n\t\t\t\t\t\t<\/div>\n\t\t\t\t\t\t\t\t\t\t\t\t<div class=\"wplms_courses_sort\">\n\t\t\t\t\t\t\t<select>\n\t\t\t\t\t\t\t\t<option value=\"newest\">A\u00f1adido recientemente<\/option><option value=\"alphabetical\">Alfab\u00e9tico<\/option><option value=\"random\">Aleatorio<\/option><option value=\"popular\">Popular<\/option><option value=\"upcoming\">Pr\u00f3ximamente<\/option>\t\t\t\t\t\t\t<\/select>\n\t\t\t\t\t\t<\/div>\n\t\t\t\t\t\t\t\t\t\t<\/div>\n\t\t\t\t<div class=\"wplms_courses_directory \">\n\t\t\t\t\t<div class=\"\"course_block\"><h3>C\u00f3mo aumentar la conversi\u00f3n de las ventas en empresas B2B<\/h3>\u00bfEst\u00e1s satisfecho con c\u00f3mo funciona tu proceso de venta? En esta masterclass conocer\u00e1s los puntos a tener en cuenta para definir tu proceso de venta, descubrir\u00e1s los ratios de conversi\u00f3n a medir y c\u00f3mo mejorarlos.<\/div><div class=\"\"course_block\"><h3>Integrando IA: De la nube al producto.<\/h3>En este Short Course se hablar\u00e1 de Cloud AI (Inteligencia Artificial en la nube) y de c\u00f3mo integrarla en un producto. <\/div><div class=\"\"course_block\"><h3>\u00bfY ahora, qu\u00e9? Recursos Humanos en la era post Covid.<\/h3>Descubre las posibilidades y los retos que se encontrar\u00e1n los departamentos de Recursos Humanos en la era post Covid.<\/div><div class=\"\"course_block\"><h3>Posicionamiento SEO: claves para tener \u00e9xito<\/h3>En esta masterclass junto a Romuald Fons, Fundador de BIGSEO &amp; Youtuber, conocer\u00e1s las estrategias esenciales para posicionarse con \u00e9xito; se hablar\u00e1 sobre la aplicaci\u00f3n del posicionamiento SEO para para la generaci\u00f3n de negocio tanto para marcas personales, como para pymes y grandes empresas.<\/div><div class=\"\"course_block\"><h3>Value Propositions: How to create products that users love?<\/h3>Do you want to learn how to create product that consumers love? With this masterclass you will get a deeper understanding on value preposition.<\/div><div class=\"\"course_block\"><h3>Crea una librer\u00eda de componentes con React desde 0<\/h3>Todo buen Front-End React necesita su librer\u00eda de componentes. As\u00ed que no te preocupes porque en esta Masterclass aprender\u00e1s a construir una desde 0 y esta vez, en TypeScript, con Theming y Storybook.<\/div>\t\t\t\t<\/div>\n\t\t\t\t\t\t\t<\/div>\n\t\t<\/div>\n\t\t<\/div>\n\t\t<script>\n\t\t\tvar course_directory= {\"api\":{\"url\":\"https:\\\/\\\/nuclio.school\\\/shorts\\\/wp-json\\\/wplms\\\/v2\",\"client_id\":\"CmaR4D4gzIokMRyf\",\"google_maps_api_key\":\"\",\"map_marker\":\"https:\\\/\\\/nuclio.school\\\/shorts\\\/wp-content\\\/plugins\\\/wplms_plugin\\\/includes\\\/vibe-customtypes\\\/includes\\\/elementor\\\/widgets\\\/..\\\/..\\\/..\\\/assets\\\/images\\\/marker.png\"},\"settings\":{\"courses_per_page\":{\"unit\":\"px\",\"size\":6,\"sizes\":[]},\"show_filters\":\"1\",\"instructor\":\"1\",\"price\":\"1\",\"meta__vibe_students\":\"0\",\"meta__vibe_start_date\":\"1\",\"meta__vibe_course_certificate\":\"0\",\"card_style\":\"course_card\",\"pagination\":\"1\",\"search_courses\":\"1\",\"sort_options\":\"1\",\"meta__vibe_max_students\":\"1\",\"max_per_row\":{\"unit\":\"px\",\"size\":360,\"sizes\":[]},\"per_row\":{\"unit\":\"px\",\"size\":320,\"sizes\":[]},\"taxonomy__course-cat\":\"\",\"meta__vibe_duration\":\"\",\"meta__vibe_course_badge_percentage\":\"\",\"meta__vibe_course_passing_percentage\":\"\",\"meta__vibe_course_drip_duration\":\"\",\"meta__vibe_course_retakes\":\"\",\"order\":\"recent\",\"show_course_popup\":\"\",\"hide_filters\":\"\",\"_title\":\"\",\"_margin\":{\"unit\":\"px\",\"top\":\"\",\"right\":\"\",\"bottom\":\"\",\"left\":\"\",\"isLinked\":true},\"_margin_tablet\":{\"unit\":\"px\",\"top\":\"\",\"right\":\"\",\"bottom\":\"\",\"left\":\"\",\"isLinked\":true},\"_margin_mobile\":{\"unit\":\"px\",\"top\":\"\",\"right\":\"\",\"bottom\":\"\",\"left\":\"\",\"isLinked\":true},\"_padding\":{\"unit\":\"px\",\"top\":\"\",\"right\":\"\",\"bottom\":\"\",\"left\":\"\",\"isLinked\":true},\"_padding_tablet\":{\"unit\":\"px\",\"top\":\"\",\"right\":\"\",\"bottom\":\"\",\"left\":\"\",\"isLinked\":true},\"_padding_mobile\":{\"unit\":\"px\",\"top\":\"\",\"right\":\"\",\"bottom\":\"\",\"left\":\"\",\"isLinked\":true},\"_element_width\":\"\",\"_element_width_tablet\":\"\",\"_element_width_mobile\":\"\",\"_element_custom_width\":null,\"_element_custom_width_tablet\":null,\"_element_custom_width_mobile\":null,\"_element_vertical_align\":null,\"_element_vertical_align_tablet\":null,\"_element_vertical_align_mobile\":null,\"_position\":\"\",\"_offset_orientation_h\":null,\"_offset_x\":null,\"_offset_x_tablet\":null,\"_offset_x_mobile\":null,\"_offset_x_end\":null,\"_offset_x_end_tablet\":null,\"_offset_x_end_mobile\":null,\"_offset_orientation_v\":null,\"_offset_y\":null,\"_offset_y_tablet\":null,\"_offset_y_mobile\":null,\"_offset_y_end\":null,\"_offset_y_end_tablet\":null,\"_offset_y_end_mobile\":null,\"_z_index\":\"\",\"_z_index_tablet\":\"\",\"_z_index_mobile\":\"\",\"_element_id\":\"\",\"_css_classes\":\"\",\"motion_fx_motion_fx_scrolling\":\"\",\"motion_fx_translateY_effect\":null,\"motion_fx_translateY_direction\":null,\"motion_fx_translateY_speed\":null,\"motion_fx_translateY_affectedRange\":null,\"motion_fx_translateX_effect\":null,\"motion_fx_translateX_direction\":null,\"motion_fx_translateX_speed\":null,\"motion_fx_translateX_affectedRange\":null,\"motion_fx_opacity_effect\":null,\"motion_fx_opacity_direction\":null,\"motion_fx_opacity_level\":null,\"motion_fx_opacity_range\":null,\"motion_fx_blur_effect\":null,\"motion_fx_blur_direction\":null,\"motion_fx_blur_level\":null,\"motion_fx_blur_range\":null,\"motion_fx_rotateZ_effect\":null,\"motion_fx_rotateZ_direction\":null,\"motion_fx_rotateZ_speed\":null,\"motion_fx_rotateZ_affectedRange\":null,\"motion_fx_scale_effect\":null,\"motion_fx_scale_direction\":null,\"motion_fx_scale_speed\":null,\"motion_fx_scale_range\":null,\"motion_fx_transform_origin_x\":null,\"motion_fx_transform_origin_y\":null,\"motion_fx_devices\":null,\"motion_fx_range\":null,\"motion_fx_motion_fx_mouse\":\"\",\"motion_fx_mouseTrack_effect\":null,\"motion_fx_mouseTrack_direction\":null,\"motion_fx_mouseTrack_speed\":null,\"motion_fx_tilt_effect\":null,\"motion_fx_tilt_direction\":null,\"motion_fx_tilt_speed\":null,\"sticky\":\"\",\"sticky_on\":null,\"sticky_offset\":null,\"sticky_offset_tablet\":null,\"sticky_offset_mobile\":null,\"sticky_effects_offset\":null,\"sticky_effects_offset_tablet\":null,\"sticky_effects_offset_mobile\":null,\"sticky_parent\":null,\"_animation\":\"\",\"_animation_tablet\":\"\",\"_animation_mobile\":\"\",\"animation_duration\":null,\"_animation_delay\":null,\"_transform_rotate_popover\":\"\",\"_transform_rotateZ_effect\":null,\"_transform_rotateZ_effect_tablet\":null,\"_transform_rotateZ_effect_mobile\":null,\"_transform_rotate_3d\":null,\"_transform_rotateX_effect\":null,\"_transform_rotateX_effect_tablet\":null,\"_transform_rotateX_effect_mobile\":null,\"_transform_rotateY_effect\":null,\"_transform_rotateY_effect_tablet\":null,\"_transform_rotateY_effect_mobile\":null,\"_transform_perspective_effect\":null,\"_transform_perspective_effect_tablet\":null,\"_transform_perspective_effect_mobile\":null,\"_transform_translate_popover\":\"\",\"_transform_translateX_effect\":null,\"_transform_translateX_effect_tablet\":null,\"_transform_translateX_effect_mobile\":null,\"_transform_translateY_effect\":null,\"_transform_translateY_effect_tablet\":null,\"_transform_translateY_effect_mobile\":null,\"_transform_scale_popover\":\"\",\"_transform_keep_proportions\":\"yes\",\"_transform_scale_effect\":null,\"_transform_scale_effect_tablet\":null,\"_transform_scale_effect_mobile\":null,\"_transform_scaleX_effect\":null,\"_transform_scaleX_effect_tablet\":null,\"_transform_scaleX_effect_mobile\":null,\"_transform_scaleY_effect\":null,\"_transform_scaleY_effect_tablet\":null,\"_transform_scaleY_effect_mobile\":null,\"_transform_skew_popover\":\"\",\"_transform_skewX_effect\":null,\"_transform_skewX_effect_tablet\":null,\"_transform_skewX_effect_mobile\":null,\"_transform_skewY_effect\":null,\"_transform_skewY_effect_tablet\":null,\"_transform_skewY_effect_mobile\":null,\"_transform_flipX_effect\":\"\",\"_transform_flipY_effect\":\"\",\"_transform_rotate_popover_hover\":\"\",\"_transform_rotateZ_effect_hover\":null,\"_transform_rotateZ_effect_hover_tablet\":null,\"_transform_rotateZ_effect_hover_mobile\":null,\"_transform_rotate_3d_hover\":null,\"_transform_rotateX_effect_hover\":null,\"_transform_rotateX_effect_hover_tablet\":null,\"_transform_rotateX_effect_hover_mobile\":null,\"_transform_rotateY_effect_hover\":null,\"_transform_rotateY_effect_hover_tablet\":null,\"_transform_rotateY_effect_hover_mobile\":null,\"_transform_perspective_effect_hover\":null,\"_transform_perspective_effect_hover_tablet\":null,\"_transform_perspective_effect_hover_mobile\":null,\"_transform_translate_popover_hover\":\"\",\"_transform_translateX_effect_hover\":null,\"_transform_translateX_effect_hover_tablet\":null,\"_transform_translateX_effect_hover_mobile\":null,\"_transform_translateY_effect_hover\":null,\"_transform_translateY_effect_hover_tablet\":null,\"_transform_translateY_effect_hover_mobile\":null,\"_transform_scale_popover_hover\":\"\",\"_transform_keep_proportions_hover\":\"yes\",\"_transform_scale_effect_hover\":null,\"_transform_scale_effect_hover_tablet\":null,\"_transform_scale_effect_hover_mobile\":null,\"_transform_scaleX_effect_hover\":null,\"_transform_scaleX_effect_hover_tablet\":null,\"_transform_scaleX_effect_hover_mobile\":null,\"_transform_scaleY_effect_hover\":null,\"_transform_scaleY_effect_hover_tablet\":null,\"_transform_scaleY_effect_hover_mobile\":null,\"_transform_skew_popover_hover\":\"\",\"_transform_skewX_effect_hover\":null,\"_transform_skewX_effect_hover_tablet\":null,\"_transform_skewX_effect_hover_mobile\":null,\"_transform_skewY_effect_hover\":null,\"_transform_skewY_effect_hover_tablet\":null,\"_transform_skewY_effect_hover_mobile\":null,\"_transform_flipX_effect_hover\":\"\",\"_transform_flipY_effect_hover\":\"\",\"_transform_transition_hover\":{\"unit\":\"px\",\"size\":\"\",\"sizes\":[]},\"motion_fx_transform_x_anchor_point\":null,\"motion_fx_transform_x_anchor_point_tablet\":null,\"motion_fx_transform_x_anchor_point_mobile\":null,\"motion_fx_transform_y_anchor_point\":null,\"motion_fx_transform_y_anchor_point_tablet\":null,\"motion_fx_transform_y_anchor_point_mobile\":null,\"_background_background\":\"\",\"_background_color\":null,\"_background_color_stop\":null,\"_background_color_b\":null,\"_background_color_b_stop\":null,\"_background_gradient_type\":null,\"_background_gradient_angle\":null,\"_background_gradient_position\":null,\"_background_image\":null,\"_background_image_tablet\":null,\"_background_image_mobile\":null,\"_background_position\":null,\"_background_position_tablet\":null,\"_background_position_mobile\":null,\"_background_xpos\":null,\"_background_xpos_tablet\":null,\"_background_xpos_mobile\":null,\"_background_ypos\":null,\"_background_ypos_tablet\":null,\"_background_ypos_mobile\":null,\"_background_attachment\":null,\"_background_repeat\":null,\"_background_repeat_tablet\":null,\"_background_repeat_mobile\":null,\"_background_size\":null,\"_background_size_tablet\":null,\"_background_size_mobile\":null,\"_background_bg_width\":null,\"_background_bg_width_tablet\":null,\"_background_bg_width_mobile\":null,\"_background_video_link\":null,\"_background_video_start\":null,\"_background_video_end\":null,\"_background_play_once\":null,\"_background_play_on_mobile\":null,\"_background_privacy_mode\":null,\"_background_video_fallback\":null,\"_background_slideshow_gallery\":null,\"_background_slideshow_loop\":null,\"_background_slideshow_slide_duration\":null,\"_background_slideshow_slide_transition\":null,\"_background_slideshow_transition_duration\":null,\"_background_slideshow_background_size\":null,\"_background_slideshow_background_size_tablet\":null,\"_background_slideshow_background_size_mobile\":null,\"_background_slideshow_background_position\":null,\"_background_slideshow_background_position_tablet\":null,\"_background_slideshow_background_position_mobile\":null,\"_background_slideshow_lazyload\":null,\"_background_slideshow_ken_burns\":null,\"_background_slideshow_ken_burns_zoom_direction\":null,\"_background_hover_background\":\"\",\"_background_hover_color\":null,\"_background_hover_color_stop\":null,\"_background_hover_color_b\":null,\"_background_hover_color_b_stop\":null,\"_background_hover_gradient_type\":null,\"_background_hover_gradient_angle\":null,\"_background_hover_gradient_position\":null,\"_background_hover_image\":null,\"_background_hover_image_tablet\":null,\"_background_hover_image_mobile\":null,\"_background_hover_position\":null,\"_background_hover_position_tablet\":null,\"_background_hover_position_mobile\":null,\"_background_hover_xpos\":null,\"_background_hover_xpos_tablet\":null,\"_background_hover_xpos_mobile\":null,\"_background_hover_ypos\":null,\"_background_hover_ypos_tablet\":null,\"_background_hover_ypos_mobile\":null,\"_background_hover_attachment\":null,\"_background_hover_repeat\":null,\"_background_hover_repeat_tablet\":null,\"_background_hover_repeat_mobile\":null,\"_background_hover_size\":null,\"_background_hover_size_tablet\":null,\"_background_hover_size_mobile\":null,\"_background_hover_bg_width\":null,\"_background_hover_bg_width_tablet\":null,\"_background_hover_bg_width_mobile\":null,\"_background_hover_video_link\":null,\"_background_hover_video_start\":null,\"_background_hover_video_end\":null,\"_background_hover_play_once\":null,\"_background_hover_play_on_mobile\":null,\"_background_hover_privacy_mode\":null,\"_background_hover_video_fallback\":null,\"_background_hover_slideshow_gallery\":null,\"_background_hover_slideshow_loop\":null,\"_background_hover_slideshow_slide_duration\":null,\"_background_hover_slideshow_slide_transition\":null,\"_background_hover_slideshow_transition_duration\":null,\"_background_hover_slideshow_background_size\":null,\"_background_hover_slideshow_background_size_tablet\":null,\"_background_hover_slideshow_background_size_mobile\":null,\"_background_hover_slideshow_background_position\":null,\"_background_hover_slideshow_background_position_tablet\":null,\"_background_hover_slideshow_background_position_mobile\":null,\"_background_hover_slideshow_lazyload\":null,\"_background_hover_slideshow_ken_burns\":null,\"_background_hover_slideshow_ken_burns_zoom_direction\":null,\"_background_hover_transition\":{\"unit\":\"px\",\"size\":\"\",\"sizes\":[]},\"_border_border\":\"\",\"_border_width\":null,\"_border_width_tablet\":null,\"_border_width_mobile\":null,\"_border_color\":null,\"_border_radius\":{\"unit\":\"px\",\"top\":\"\",\"right\":\"\",\"bottom\":\"\",\"left\":\"\",\"isLinked\":true},\"_border_radius_tablet\":{\"unit\":\"px\",\"top\":\"\",\"right\":\"\",\"bottom\":\"\",\"left\":\"\",\"isLinked\":true},\"_border_radius_mobile\":{\"unit\":\"px\",\"top\":\"\",\"right\":\"\",\"bottom\":\"\",\"left\":\"\",\"isLinked\":true},\"_box_shadow_box_shadow_type\":\"\",\"_box_shadow_box_shadow\":null,\"_box_shadow_box_shadow_position\":null,\"_border_hover_border\":\"\",\"_border_hover_width\":null,\"_border_hover_width_tablet\":null,\"_border_hover_width_mobile\":null,\"_border_hover_color\":null,\"_border_radius_hover\":{\"unit\":\"px\",\"top\":\"\",\"right\":\"\",\"bottom\":\"\",\"left\":\"\",\"isLinked\":true},\"_border_radius_hover_tablet\":{\"unit\":\"px\",\"top\":\"\",\"right\":\"\",\"bottom\":\"\",\"left\":\"\",\"isLinked\":true},\"_border_radius_hover_mobile\":{\"unit\":\"px\",\"top\":\"\",\"right\":\"\",\"bottom\":\"\",\"left\":\"\",\"isLinked\":true},\"_box_shadow_hover_box_shadow_type\":\"\",\"_box_shadow_hover_box_shadow\":null,\"_box_shadow_hover_box_shadow_position\":null,\"_border_hover_transition\":{\"unit\":\"px\",\"size\":\"\",\"sizes\":[]},\"_mask_switch\":\"\",\"_mask_shape\":null,\"_mask_image\":null,\"_mask_notice\":null,\"_mask_size\":null,\"_mask_size_tablet\":null,\"_mask_size_mobile\":null,\"_mask_size_scale\":null,\"_mask_size_scale_tablet\":null,\"_mask_size_scale_mobile\":null,\"_mask_position\":null,\"_mask_position_tablet\":null,\"_mask_position_mobile\":null,\"_mask_position_x\":null,\"_mask_position_x_tablet\":null,\"_mask_position_x_mobile\":null,\"_mask_position_y\":null,\"_mask_position_y_tablet\":null,\"_mask_position_y_mobile\":null,\"_mask_repeat\":null,\"_mask_repeat_tablet\":null,\"_mask_repeat_mobile\":null,\"hide_desktop\":\"\",\"hide_tablet\":\"\",\"hide_mobile\":\"\",\"_attributes\":\"\",\"custom_css\":\"\"},\"directory_sorters\":{\"newest\":\"A\\u00f1adido recientemente\",\"alphabetical\":\"Alfab\\u00e9tico\",\"random\":\"Aleatorio\",\"popular\":\"Popular\",\"upcoming\":\"Pr\\u00f3ximamente\"},\"translations\":{\"select_option\":\"Select Option\",\"search_text\":\"Escribe para buscar\",\"all\":\"Todo\",\"no_courses_found\":\"No se han encontrado cursos !\",\"course_types\":\"Tipo de curso\",\"map_search\":\"B\\u00fasqueda de mapas\",\"show_filters\":\"Mostrar filtros\",\"close_filters\":\"Cerrar filtros\",\"clear_all\":\"Borrar todo\"}};\n\t\t\tdocument.dispatchEvent(new Event('course_directory_loaded'));\n\t\t<\/script>\n\t\t\t\t<\/div>\n\t\t\t\t<\/div>\n\t\t\t\t\t\t<\/div>\n\t\t\t\t\t<\/div>\n\t\t<\/div>\n\t\t\t\t\t\t\t\t<\/div>\n\t\t\t\t\t<\/div>\n\t\t<\/section>\n\t\t\t\t\t\t\t\t\t<\/div>\n\t\t\t<\/div>\n\t\t\t\t\t<\/div>\n\t\t","protected":false},"excerpt":{"rendered":"<p>Software training reloaded This is the Software training course. Learn more about softwares. Data mining It is a long established &hellip;<\/p>\n","protected":false},"author":1,"featured_media":0,"parent":0,"menu_order":0,"comment_status":"closed","ping_status":"closed","template":"","meta":{"_bbp_topic_count":0,"_bbp_reply_count":0,"_bbp_total_topic_count":0,"_bbp_total_reply_count":0,"_bbp_voice_count":0,"_bbp_anonymous_reply_count":0,"_bbp_topic_count_hidden":0,"_bbp_reply_count_hidden":0,"_bbp_forum_subforum_count":0,"_vibebp_attr":"","_vibebp_dimensions":"","_vibebp_responsive_height":"","_vibebp_accordion_ie_support":""},"_links":{"self":[{"href":"https:\/\/nuclio.school\/shorts\/wp-json\/wp\/v2\/pages\/1828"}],"collection":[{"href":"https:\/\/nuclio.school\/shorts\/wp-json\/wp\/v2\/pages"}],"about":[{"href":"https:\/\/nuclio.school\/shorts\/wp-json\/wp\/v2\/types\/page"}],"author":[{"embeddable":true,"href":"https:\/\/nuclio.school\/shorts\/wp-json\/wp\/v2\/users\/1"}],"replies":[{"embeddable":true,"href":"https:\/\/nuclio.school\/shorts\/wp-json\/wp\/v2\/comments?post=1828"}],"version-history":[{"count":1,"href":"https:\/\/nuclio.school\/shorts\/wp-json\/wp\/v2\/pages\/1828\/revisions"}],"predecessor-version":[{"id":1834,"href":"https:\/\/nuclio.school\/shorts\/wp-json\/wp\/v2\/pages\/1828\/revisions\/1834"}],"wp:attachment":[{"href":"https:\/\/nuclio.school\/shorts\/wp-json\/wp\/v2\/media?parent=1828"}],"curies":[{"name":"wp","href":"https:\/\/api.w.org\/{rel}","templated":true}]}}